83220 and 540?
60
What is the greatest common divisor of 474824 and 896?
56
What is the greatest common divisor of 22 and 1123716?
22
What is the greatest common factor of 577318 and 129?
43
What is the greatest common factor of 8600 and 1849?
43
Calculate the highest common divisor of 236 and 231634.
118
Calculate the highest common divisor of 7472 and 64.
16
Calculate the greatest common factor of 8008 and 1892.
44
What is the highest common divisor of 50316 and 252?
84
What is the greatest common divisor of 4521 and 15444?
33
Calculate the highest common divisor of 1391 and 247.
13
What is the highest common factor of 50950 and 200?
50
What is the highest common factor of 80 and 2890?
10
What is the highest common divisor of 24 and 12486?
6
What is the highest common factor of 7 and 37429?
7
Calculate the highest common divisor of 165893 and 21.
7
Calculate the greatest common divisor of 1597765 and 1046.
523
Calculate the highest common divisor of 320518 and 1496.
374
What is the greatest common factor of 93720 and 120?
120
Calculate the greatest common divisor of 4154 and 7504.
134
What is the highest common divisor of 44953 and 4?
1
What is the highest common divisor of 96336 and 948?
12
Calculate the greatest common divisor of 1669307 and 749.
107
Calculate the greatest common factor of 3836 and 1036.
28
What is the highest common factor of 100749 and 10707?
129
Calculate the greatest common divisor of 1152 and 137268.
36
Calculate the greatest common divisor of 19074 and 8811.
33
Calculate the highest common factor of 13026 and 624.
78
What is the highest common divisor of 59499 and 891?
99
What is the highest common factor of 676 and 104442?
338
Calculate the greatest common factor of 1102 and 29792.
38
What is the highest common factor of 1166 and 279151?
53
Calculate the greatest common factor of 1878507 and 45.
9
Calculate the highest common factor of 278 and 2606.
2
Calculate the highest common factor of 606 and 11009.
101
What is the greatest common divisor of 15 and 1113855?
15
What is the greatest common factor of 12852 and 136?
68
Calculate the highest common divisor of 6 and 759270.
6
Calculate the greatest common divisor of 590614 and 30566.
986
Calculate the highest common divisor of 4070295 and 45.
45
Calculate the greatest common factor of 3492458 and 1058.
1058
Calculate the greatest common divisor of 5814 and 24776.
38
Calculate the highest common factor of 1495 and 50375.
65
Calculate the greatest common divisor of 191569 and 28.
7
What is the greatest common divisor of 18 and 26766?
18
What is the greatest common divisor of 1068234 and 78?
6
Calculate the greatest common factor of 4 and 84530.
2
Calculate the greatest common factor of 16150368 and 96.
96
Calculate the highest common factor of 6264 and 3105.
27
What is the greatest common factor of 238887 and 11?
11
What is the greatest common divisor of 1683 and 77979?
561
What is the greatest common divisor of 106 and 706?
2
What is the highest common divisor of 553 and 7268?
79
Calculate the highest common factor of 32125 and 500.
125
Calculate the highest common divisor of 322 and 27762.
14
Calculate the highest common divisor of 4086 and 576.
18
What is the greatest common factor of 269370 and 1640?
410
Calculate the highest common factor of 2352 and 91056.
336
What is the highest common factor of 58 and 58899?
29
Calculate the greatest common divisor of 263526 and 835.
167
Calculate the highest common divisor of 34307 and 4225.
169
Calculate the highest common divisor of 156 and 1322997.
39
Calculate the greatest common divisor of 38416 and 5292.
196
Calculate the highest common factor of 7 and 782117.
7
What is the highest common factor of 394 and 2192?
2
What is the greatest common factor of 239674 and 586?
586
What is the highest common divisor of 8540 and 308?
28
Calculate the greatest common divisor of 71 and 3427951.
71
What is the greatest common divisor of 232778 and 1624?
14
Calculate the greatest common divisor of 214636 and 276.
92
What is the greatest common divisor of 429 and 116688?
429
Calculate the greatest common divisor of 12119798 and 202.
202
What is the highest common factor of 42 and 149674?
14
What is the highest common factor of 12125 and 17625?
125
What is the highest common factor of 43941 and 194?
97
What is the highest common factor of 28600 and 33150?
650
What is the greatest common factor of 102353 and 19?
19
What is the greatest common factor of 595 and 340?
85
What is the greatest common factor of 8500 and 55500?
500
What is the greatest common factor of 74711 and 2275?
91
Calculate the greatest common divisor of 476 and 3346.
14
What is the highest common divisor of 55296 and 8154?
54
Calculate the highest common divisor of 77776 and 56.
8
What is the highest common factor of 104875 and 500?
125
What is the highest common divisor of 48 and 43224?
24
Calculate the highest common factor of 474 and 44424.
6
Calculate the greatest common factor of 42 and 14142.
6
Calculate the greatest common divisor of 850 and 800.
50
What is the greatest common factor of 124800 and 624?
624
Calculate the greatest common divisor of 81405 and 670.
335
What is the greatest common divisor of 25520 and 5887?
29
What is the highest common factor of 2342889 and 153?
153
Calculate the highest common divisor of 178 and 99413.
89
Calculate the greatest common factor of 9639 and 963.
9
What is the greatest common divisor of 2398 and 1210?
22
Calculate the highest common divisor of 1592 and 344.
8
What is the greatest common factor of 18738 and 14?
2
What is the greatest common divisor of 11 and 101596?
11
Calculate the greatest common factor of 190 and 1796.
2
What is the greatest common divisor of 27676 and 17748?
68
Calculate the highest common factor of 87 and 31639.
29
Calculate the highest common divisor of 2160 and 10215.
45
Calculate the greatest common factor of 651 and 3535.
7
Calculate the greatest common divisor of 9688 and 287.
7
Calculate the highest common divisor of 149822 and 46.
46
What is the highest common factor of 36695 and 410?
205
What is the greatest common factor of 3801 and 1422841?
1267
What is the highest common factor of 6384 and 180?
12
Calculate the greatest common divisor of 45 and 28557.
9
What is the highest common factor of 1 and 126587?
1
Calculate the highest common factor of 115 and 43217.
23
What is the highest common factor of 212 and 218519?
53
What is the highest common divisor of 20 and 70660?
20
Calculate the highest common divisor of 84260 and 1100.
220
What is the highest common divisor of 510 and 963390?
510
What is the highest common divisor of 3 and 12693?
3
What is the highest common divisor of 845 and 67145?
65
Calculate the greatest common divisor of 297 and 3537.
27
Calculate the greatest common divisor of 68673 and 33.
33
What is the greatest common factor of 162449 and 161?
161
What is the greatest common factor of 225057 and 147?
147
What is the greatest common divisor of 26825 and 740?
185
Calculate the highest common divisor of 1140350 and 350.
50
Calculate the highest common factor of 868091 and 1498.
749
What is the highest common factor of 109458 and 54?
54
What is the highest common factor of 1196430 and 120?
30
Calculate the greatest common divisor of 280 and 32408.
8
Calculate the greatest common factor of 2041 and 633809.
157
What is the highest common factor of 9047 and 8175?
109
Calculate the highest common divisor of 317 and 572819.
317
Calculate the greatest common divisor of 1244315 and 15.
5
What is the greatest common divisor of 144 and 9522?
18
Calculate the greatest common divisor of 229 and 8.
1
What is the highest common divisor of 1990 and 14650?
10
What is the greatest common factor of 1351989 and 99?
9
What is the highest common factor of 62272 and 336?
112
Calculate the highest common divisor of 4332 and 2622.
114
What is the greatest common divisor of 289 and 21907067?
289
What is the greatest common factor of 844 and 507244?
844
What is the highest common divisor of 84 and 7707?
21
What is the highest common divisor of 1841 and 4734?
263
What is the highest common divisor of 417 and 321?
3
What is the greatest common factor of 2617524 and 3807?
423
What is the greatest commo